ppose -13 - 3 = -j. Let y(c) = -2*c + 15. Let q be y(j). Let b(d) = -d**2 - 26*d + 22. What is the units digit of b(q)?
5
Suppose 8 = -2*b, -4*u - 44*b + 46*b = -47388. What is the units digit of u?
5
Let q = 46 + -24. Suppose 24*x + 26 = q*x. Let v(p) = -4*p + 4. What is the tens digit of v(x)?
5
Let n(b) = 12*b + 2 - 3*b + 9*b**2 - 40*b. What is the tens digit of n(-7)?
6
Suppose 0 = 2*p + 889 - 879. What is the tens digit of 134/p*(0 + -10)?
6
Suppose -4*g = 778 + 2786. Let m = -287 - g. What is the hundreds digit of m?
6
Suppose q - 36 = -5*q. Let f(k) = -88 + 8*k + k**2 + 76 + q*k**2 - k**3. What is the tens digit of f(6)?
7
Suppose 5*d - 15694 = -4*b, -5*b + d + d = -19634. What is the tens digit of b?
2
Suppose 3*c - 24 + 12 = 0, -2*c = -5*f - 2863. Let m = -294 - f. What is the units digit of m?
7
Suppose -3*d - r + 27359 = 0, -4*r + 5 = 9. What is the units digit of d?
0
Suppose a + 5*t + 3665 = 0, t = -4*t + 25. Let r = 2108 + a. What is the units digit of (-12)/18 + r/(-6)?
3
Let j = 28545 + -13236. What is the ten thousands digit of j?
1
Let b(t) = 17*t**3 + 3*t**2 - 8*t + 92. What is the thousands digit of b(5)?
2
What is the units digit of (892/14)/((-186)/(-33852))?
6
Suppose 19 = -2*m - 20*l + 21*l, 0 = -4*m + 5*l - 53. What is the tens digit of (-56 + -2)/(1/m)?
0
Suppose -2*x + 1363 = -2*q + 5*q, -q = -4*x + 2719. Suppose 4720 = 12*z - x. What is the tens digit of z?
5
Let s be 16/2 - (5 - 5). Let z = 58 + 43. Suppose 9*n = s*n + z. What is the units digit of n?
1
Suppose c + 4*y - 23 + 10 = 0, -3*c + 18 = 5*y. Let l be ((-16)/(-4) + -4)/c. Suppose -f + 3*q + 55 = l, -2*f + 8*q = 3*q - 114. What is the tens digit of f?
6
What is the ten thousands digit of -109942*(-7)/56 + 7/(-4) + 2?
1
Suppose -4*c - h = 4 - 22, -5*h + 26 = 4*c. Suppose -g - 3083 = -4*j + j, -j + 1035 = -c*g. What is the tens digit of j?
2
Suppose 6 = 3*h, -2*h + 3*h + 38 = -5*o. Let q be (-7)/(35/o) - (-4)/10. Suppose 3*f = -q*z + 254, 2*f - 4*z + 78 = 3*f. What is the tens digit of f?
8
Let c = -21 - -58. Let f = 31 - c. What is the tens digit of -3 + 402/(f/(-2))?
3
Let u = -32883 - -62535. What is the units digit of u?
2
What is the ten thousands digit of 2 + (-229859)/(-17) + 7 + 2057/(-289)?
1
Suppose -4*f + 10 = 2. Let k be (f - (-1831)/(-1))/(-2 + 1). Suppose 9*d = -326 + k. What is the hundreds digit of d?
1
Let w = 56 + -53. Suppose 0 = -3*y + u + 321, 5*u - 330 = -3*y + w*u. What is the tens digit of y?
0
Suppose 215 = -263*h + 264*h. Suppose -3*o - 80 - 286 = -3*s, 0 = -2*o. Let p = h - s. What is the units digit of p?
3
Let i(y) = -y**2 + 10*y + 12. Let l be i(11). Let x be 1 - (6/(-3) + l). Suppose -1 = x*u - 29. What is the tens digit of u?
1
Suppose 4*y = 4*w - 13432, w + 22*y - 3350 = 25*y. Suppose 0 = -4*b + w - 514. What is the tens digit of b?
1
Let f(j) = -j**2 + 20*j - 8. Let l be (3 + 6 + 1)/((-4)/(-14)). Let r be (15/21 - 1) + 535/l. What is the units digit of f(r)?
7
Let x = -6 - -41. Suppose -17 = -5*r + 213. Let v = r - x. What is the tens digit of v?
1
What is the hundreds digit of 65*3/9*201 + -8?
3
Suppose 0 = -2*c + 3*g + 26797, 5*c + 40196 = 8*c - 4*g. Suppose c = -p + 21*p. What is the units digit of p?
0
Let k(t) = 74*t + 21. Let y(z) = z**3 - 2*z**2 - 3*z + 5. Let x be y(3). What is the hundreds digit of k(x)?
3
Suppose 177 = a + 20. Suppose -m + 20 = -4*y, 88*m - 3*y = 91*m - 105. Suppose -3*k + m = -a. What is the units digit of k?
3
Suppose 4*i + 27860 = 4*a, -4*i + 3239 = a - 3731. What is the hundreds digit of a?
9
Suppose 45 = 9*v - 0*v. Suppose -4*l - 782 - 564 = -5*f, -v*f + 2*l + 1348 = 0. What is the hundreds digit of f?
2
Suppose y + 3 = 6, -4*y = 4*k - 452. Let v = -112 + k. What is the hundreds digit of (-23776)/(-144) + ((-38)/18 - v)?
1
Let y(k) = 521*k - 17. Let c be y(3). Suppose -3*z + c = -401. What is the units digit of z?
9
Let o be 88/48 - (-1)/6. Let k(j) = 4 + 104*j - 49*j + o*j**2 - 8*j**3 - 53*j. What is the tens digit of k(-3)?
3
Let l be 4/14 + 702/91. Suppose -41*j + 21813 = -l*j. What is the hundreds digit of j?
6
Let t(j) = 164*j - 13. Let b be t(2). Let h = b + -160. What is the hundreds digit of h?
1
Let s(i) = -279*i**3 - 5*i - 3. Let q be s(-1). Let j = q - -567. What is the units digit of j?
8
Suppose 5*s = 4*u - 193065, -120*u - 3*s = -124*u + 193079. What is the units digit of u?
5
Suppose 12*q + 0 = 180. Suppose -11*a = -8*a - q. Suppose 4*m - 167 = a*y - 0*y, m - 38 = 5*y. What is the units digit of m?
3
Suppose 2*h + 30547 = 5*i, -4*h = -356*i + 357*i - 6083. What is the tens digit of i?
0
Suppose -14*w + 12 = -18*w. Let o = -18 + w. What is the units digit of (56/o + -1)/(2/(-12))?
2
Let i = 7573 - -3050. What is the units digit of i?
3
Let v(z) = 6*z**2 - 169*z + 12. What is the tens digit of v(-11)?
9
Let w(o) = -o**3 - 9*o**2 + 10*o + 4. Let y be w(-10). Suppose -f + 1987 = -2*i + y*f, 4*f = 20. What is the units digit of i/(-39) + (-8)/52?
5
Let c = 368 + -363. What is the units digit of (-5220)/(-55) - c/(-55)?
5
Let u(j) = j**3 + 137*j**2 + 34*j + 5. What is the tens digit of u(-21)?
4
Let w(q) = 682*q + 675*q - 30 + 686*q - 2018*q. Suppose -d + 5*d + 12 = 0, -3*x = -5*d - 39. What is the units digit of w(x)?
0
Let y = 951 - 910. What is the units digit of y?
1
Let c(o) = -o**2 - 4*o + 25. Let k be c(-7). Suppose -1544 = -k*v - 384. What is the hundreds digit of v?
2
Suppose -6 = 2*l, d + 3*l + 25 = 5*d. Suppose -3*t + 1040 = 22*p - 20*p, 688 = 2*t + d*p. What is the units digit of t?
8
Let c(n) = -n**2 - 206*n - 328. What is the thousands digit of c(-54)?
7
Suppose -5*d + 3*k = 18, -3*d = -2*d + 4*k - 1. Let v be 0*(1/(-6) + (-2)/d). Let o = 166 + v. What is the tens digit of o?
6
Let r(a) = 78*a - a**2 - 65*a - 19 - 21. Let f be r(8). Let b(s) = s**2 + 3*s + 223. What is the units digit of b(f)?
3
Let k be -11 + 1 - -4 - (-42)/7. What is the tens digit of (k + 1 - 0)/(2/74)?
3
Suppose -3*u = 4*h - 52021, -12*u + 4*h + 86659 = -7*u. What is the thousands digit of u?
7
Let g = -93 + 103. Suppose -7*i + g*i + 15 = 0. What is the units digit of 5 - (-210 - (1 + i))?
1
Suppose 3*h - 20136 = -30*z + 27*z, 5*z = 5*h + 33520. What is the hundreds digit of z?
7
Let q(x) = x**3 - 5*x**2 + 3*x + 3. Let l be q(5). Let j(o) = 23*o + 43. What is the units digit of j(l)?
7
Let w(q) be the second derivative of 1/6*q**3 + 0 - 3*q + 3*q**2 - 1/20*q**5 - 1/3*q**4. What is the units digit of w(-4)?
2
Suppose 3 = 5*o + l + 57, 0 = 5*o + 2*l + 53. Let c(u) = 8*u - 21. Let f be c(o). Let p = f - -182. What is the units digit of p?
3
Let l = -148 + 239. Let c = -93 + l. What is the hundreds digit of 4260/24 - c/4?
1
Let q be (-6)/(-4)*8/6. Suppose -3*p = -b - 3, b + 5 = q*b + 5*p. Suppose b = -7*a + 5*a - g + 348, -16 = 4*g. What is the tens digit of a?
7
Suppose -3*i - 5*z = -1698, -1107 = -2*i - 0*i + 5*z. Suppose -8*m - i = -25*m. What is the units digit of m?
3
Let w = 104 + -92. Suppose -4*t - 1590 = -5*n, -2*n + w*t - 16*t = -664. What is the units digit of n?
2
Suppose -5*t + g = 19, 5*t - 2*g = 8*t + 1. What is the tens digit of (-10)/t*1/(8/1008)?
2
Let d = 451 - 449. Let b(f) = -f**3 - 3*f + 8. Let j be b(-7). What is the tens digit of d - (j/(-4) - 4)?
9
Suppose 3*g - 97 = 5*s + 81, -2*g + 97 = s. Let d = -50 + g. What is the units digit of ((2 + -77)/d)/(-1)?
5
Let x(c) = 2*c**2 - 16*c + 4. Let k be x(8). Let q(b) = 3*b**2 + 3*b**3 - 3 - 7*b**2 + 7*b**2 + 6. What is the tens digit of q(k)?
4
Let i(d) = -d**3 - 18*d**2 - 22*d + 25. Let l be i(-16). Let y = l + 1006. What is the units digit of y?
1
Let q(r) = r - 1. Suppose -57*m = -53*m - 4. Let h(k) = -62*k - 6. Let u(a) = m*q(a) - h(a). What is the tens digit of u(1)?
6
Suppose -19*u + 23*u - 2404 = -4*i, u - 589 = -5*i. Let h = -8 - -11. Suppose h*g = u - 148. What is the tens digit of g?
5
Let d(g) = 5*g**2 + 66*g + 17. Let l be d(-13). Suppose u - 270 = 4*q, 9*q - 5*q - 1020 = -l*u. What is the units digit of u?
8
Suppose 2*c + 10092 = 4*m + 46636, -4*m = 0. What is the tens digit of c?
7
Let l(w) = w**3 - 2*w**2 + 3*w + 3060. Let m be l(0). Suppose -4*j - 2*g = -2170 - 282, -5*j = 5*g - m. What is the units digit of j?
4
Let d = 4 - -1141. What is the tens digit of d?
4
Suppose 4*h = m - 7, 2*m = -4*h - 0*h + 2. Suppose 0 = -5